- (-2 + 6 - 4). What is the units digit of -2 + k - -4 - -70?
4
What is the hundreds digit of 12*(-1765)/(-15) + -12?
4
What is the tens digit of (20/25)/(59/2934070)?
8
Suppose -2*i + 12 = 5*p - 33, 5*i - 159 = 3*p. What is the hundreds digit of (i/35)/((-2057)/1029 - -2)?
8
Suppose 6*k = 2*k. Let o = k - -9. Suppose o*m + 3*m = 708. What is the tens digit of m?
5
What is the hundreds digit of 11133755/1435 + (16/(-42) - 4/(-6))?
7
Let u = -124 - -124. Suppose u = 10*z - 6*z - 292. What is the tens digit of z?
7
Let s be 53*(20/(3 - -1) + -4). Suppose 42*h = s*h - 1914. What is the units digit of h?
4
Let n be 4/2*-3 - (20 + -28). Let x be (-2)/3 - (-2)/3. Suppose 82 - 574 = -2*l - 4*w, l - n*w - 246 = x. What is the tens digit of l?
4
Suppose -3*p - 20*l + 18*l = -22890, 4*p + 3*l - 30520 = 0. What is the thousands digit of p?
7
Suppose 4*w - j - 51117 = 0, -32*w - 38308 = -35*w + 5*j. What is the hundreds digit of w?
7
Suppose -3*m = 2*m - 20. Let g be 2/(-4)*(m - 326). Suppose -2*h + 86 = -5*f, 5*h = -4*f + 3*f + g. What is the units digit of h?
3
Let a be ((-42)/(-63))/(2 - (-4724)/(-2361)). Let l = -283 - a. What is the hundreds digit of l?
5
Let k(s) = 9558*s - 1112. What is the thousands digit of k(2)?
8
What is the tens digit of 3/(-15 + (-278772)/(-18584))?
4
Suppose -11*t + 48137 + 86338 = 0. What is the thousands digit of t?
2
Let a(r) = -2*r**3 + 51*r**2 - 57*r + 6. Let m be a(24). Let h be (109 - (1 - 1))*1. Suppose -c - h = -m. What is the tens digit of c?
5
Let r(w) = -18724*w - 4700. What is the units digit of r(-2)?
8
Suppose 8*n = 3*n + 15. Suppose -n*l - 9 = -9. Suppose 13*m - 7*m - 378 = l. What is the units digit of m?
3
Let b be ((-2)/(-5))/(2 + 9/(-5)). What is the tens digit of (-155)/((-15)/(-10) - b)?
1
Suppose -30*o = -28*o + 4*g - 11382, 5*o + 4*g = 28425. What is the tens digit of o?
8
Let j(h) = -3*h - 7. Let t be j(-9). Let n(v) = v**2 - 19*v - 32. Let w be n(t). Let g = 64 - w. What is the tens digit of g?
7
Let z = -20000 + 37632. What is the ten thousands digit of z?
1
What is the hundreds digit of (-84)/98*(-155470)/30?
4
Let j(f) be the second derivative of 31/2*f**2 - 21*f + 0 + 8/3*f**3 + 1/6*f**4. What is the tens digit of j(-11)?
9
Suppose 4*l = 12*l - 7048. Let d = 1475 - l. What is the units digit of d?
4
Suppose 3287 = 11*f + 911. Suppose -3*b = -9, 0*b - 5*b + f = 3*c. What is the units digit of c?
7
Let c(j) = 189*j + 414. What is the thousands digit of c(15)?
3
Let c(d) = d**3 + 11*d**2 - 79*d + 18. Let o be c(-16). What is the tens digit of (924/63)/(o/99)?
2
Let s = 21349 - 14512. What is the hundreds digit of s?
8
Let p(y) = 19*y + 1. Let b(s) = 5*s**2 + 4 + 1 + 4*s - 2 + s**3. Let g be b(-4). What is the units digit of p(g)?
8
Let u = 99 + -93. Let c(r) = 8*r - 44. Let y be c(u). What is the tens digit of (-7 + y)*-56 + -3?
6
Let i(d) be the third derivative of -19*d**4/4 - 26*d**3 - 114*d**2. What is the units digit of i(-9)?
0
Let c(w) = 21*w**2 + 122*w + 108. What is the thousands digit of c(23)?
4
What is the units digit of (48/(-12) - 10) + 15549?
5
Let d(a) = 67*a**2 - 28*a - 101. What is the ten thousands digit of d(14)?
1
Let r = -355 - -2847. Let u = -1577 + r. What is the tens digit of u?
1
Suppose 677*c - 675*c = 16832. What is the hundreds digit of c?
4
What is the units digit of (-12)/3*-2059 + (-3)/(-21)*0?
6
What is the hundreds digit of (-5 + (-68)/(-8))/(11/1122)?
3
Suppose 2*d + 3*d + 75 = 0. Let z be (385/d + -1)*-30. Suppose -7*t + z = -2*t. What is the tens digit of t?
6
Suppose -54708 = 109*x - 121*x. What is the tens digit of x?
5
Suppose -447 = -13*u + 3687. What is the tens digit of u?
1
Let p(f) = -232*f + 6. Let y = -88 + 85. Let m be p(y). Suppose 933 + m = 15*x. What is the hundreds digit of x?
1
Let o(z) be the third derivative of 0 + 2/15*z**5 + 0*z + 1/120*z**6 - 6*z**2 + 0*z**4 - z**3. What is the units digit of o(-6)?
6
Let j(m) be the first derivative of 4*m**2 - 31*m + 55. Let d(s) = 9*s**3 - s**2 + s - 1. Let c be d(1). What is the units digit of j(c)?
3
Suppose 5*i - 58907 = -5*z + 39048, 2*i = -4*z + 78370. What is the units digit of z?
4
Let d = 299 + 678. Let x = d - 489. What is the hundreds digit of x?
4
Suppose 30592 = 48*g - 852656. What is the tens digit of g?
0
Let j(h) = 4*h**3 - h**2 - h + 3. Let o be j(1). Suppose o*w + 5*v = 10*v + 1285, 4*w + 4*v - 988 = 0. What is the tens digit of w?
5
Suppose -10*v + 5*v - 1253 = 2*r, -4*v = r + 1003. Let o = -140 - v. What is the hundreds digit of o?
1
Let b = -11373 + 17631. What is the hundreds digit of b?
2
Let p be 4/(-3) - ((-1125)/(-27))/(-5). Let d(h) = 64*h - 9. What is the hundreds digit of d(p)?
4
Let d be (178/(-3) + -1)/(3/9). Let z = d + 640. What is the hundreds digit of z?
4
Suppose j + 3*w = 2*w + 6, 5*j - 15 = -2*w. Suppose 3*f + d = j, 2 = 3*f + f + d. Let z(g) = 25*g - 1. What is the units digit of z(f)?
4
What is the tens digit of (-18)/4*234704/(-72)?
6
What is the ten thousands digit of (14/(-21))/(498/2093580*-8408 - -2)?
5
Let x = 3943 - -87. What is the units digit of x?
0
Let y(x) = -x + 2. Let u(i) = 2*i - 3. Let m(v) = -3*u(v) - 5*y(v). Let j be m(1). What is the hundreds digit of ((-2)/2)/(j/278)?
1
What is the tens digit of (255/(-34))/((-39)/198224)?
2
Let n be (9 - 10) + (-6146)/(-2). Suppose -47*d = -39*d - n. What is the tens digit of d?
8
Suppose 16*w + 2*w = 76536. Suppose 0 = -8*g + w + 4212. What is the thousands digit of g?
1
Suppose -5*d + 79 = -96. Let k = 55 - d. Suppose -3*c - m + 15 = 0, -1 = -3*c + m + k. What is the units digit of c?
6
Let h = 313 + -308. Suppose -h*s + 7552 - 1977 = 0. What is the hundreds digit of s?
1
Let r(o) = o**3 - 9*o - 21. Let y be ((-50)/(-6) - 0) + (-8)/(-12). What is the hundreds digit of r(y)?
6
Suppose z = -q - 16, 5*z - 28*q + 50 = -27*q. Let p(g) = 17*g**2 - g - 55. What is the units digit of p(z)?
3
Let s be ((-7)/((-21)/2))/((-2)/(-3)). Let c(x) = x**2 - 5*x + 4. Let o be c(s). What is the tens digit of -14*(o - 39/6) + -4?
8
Let c(g) = 4*g**3 - 8*g - 7. Suppose 6*f - 7*f = 3. Let b(d) = d**3 - d**2 + d - 1. Let l(o) = f*b(o) + c(o). What is the units digit of l(-5)?
1
Let x be -14*5*(-390 - 46). What is the tens digit of x/(-112)*(-4)/5?
1
Let z = -342 + 347. Suppose 4*f = -z*j + 2446, 3*f - 5*j - 1199 = 653. What is the units digit of f?
4
What is the hundreds digit of (-180)/(((-16)/364)/(38/133))?
1
Suppose -11*b = -3245 - 3202 - 8282. What is the units digit of b?
9
Let a = 118143 + -35019. What is the ten thousands digit of a?
8
Let r(x) = 12*x + 38. Let y be r(-5). What is the hundreds digit of (-345)/((-35)/(-7))*y/6?
2
Let h be ((-6)/(-9))/((-5)/255). Let y = -34 - h. Suppose m - 7 = -y. What is the units digit of m?
7
Let o(s) = s**2 + 28*s - 37. Let t be o(-29). What is the tens digit of (-8020)/t - (2 - 6/4)?
0
Suppose -22*j - 9*j + 399832 = 10*j. What is the units digit of j?
2
Let w = 1343 - 330. Let a = -599 + w. What is the hundreds digit of a?
4
Suppose 23 - 29 = 6*p. Let s be 44/(-8)*p*(-4)/(-2). Suppose -9*i + s*i - 208 = 0. What is the units digit of i?
4
Suppose 18825602 - 52240016 = -354*f. What is the tens digit of f?
9
Let x(w) = 3*w**2 - 1. Suppose f - 12 = 5*f. Let v be x(f). What is the units digit of (6 + -12)/(-6) + 3*v?
9
Suppose -5*t - 3277 = -697. Let c = -820 - -456. Let x = c - t. What is the tens digit of x?
5
Suppose 38010 = -15*l - 6*l. Let m = -1032 - l. What is the hundreds digit of m?
7
Suppose j = 3*q - 288 + 1898, -6370 = -4*j - 2*q. What is the hundreds digit of j?
5
Let q = 11035 + -1177. What is the thousands digit of q?
9
Let d be -2*((-2)/8)/((-3)/(-18)). Suppose -d = 5*b - 13. Suppose 0 = -2*a + b*v + 33 + 53, 3*a + 5*v - 169 = 0. What is the units digit of a?
8
Suppose 4*r - 2*o = 28, 4*r - 3*o = 8 + 24. Suppose 4*l - 18 = -r*u - 7, -4*u = 5*l - 7. What is the tens digit of (-64)/(-6) + l/((-6)/(-4))?
1
Let s = 724 - 722. Let o(v) = 329*v**2 - 22*v + 43. What is the thousands digit of o(s)?
1
What is the thousands digit of ((-45028)/6)/(122/(-183))?
1
Suppose -4*q = -4*y + 580, -3*q - 535 = -4*y - 8*q. Suppose -111 = -3*p - 3*c, 21*c = -5*p + 25*c + y. What is the units digit of p?
2
Let l(v) = -5*v - 226 - 5*v + 19*v + 14*v - 3*v. What is the units digit of l(14)?
4
Let g